{"id":272,"date":"2018-08-13T10:42:51","date_gmt":"2018-08-13T10:42:51","guid":{"rendered":"http:\/\/neu.ra-siegel.de\/?page_id=272"},"modified":"2019-08-02T10:38:03","modified_gmt":"2019-08-02T10:38:03","slug":"jurist-arbeitsrecht-muenchen-rechtsanwalt","status":"publish","type":"page","link":"https:\/\/www.ra-siegel.de\/en\/jurist-arbeitsrecht-muenchen-rechtsanwalt\/","title":{"rendered":"Law Firm"},"content":{"rendered":"<p class=\"corporate\">The law office of Volker Siegel was founded in 1989 <strong><\/strong>.<\/p>\n<p class=\"corporate\">I am your personal and direct <strong>Contact Person in law and taxation matters.<\/strong>Together with you <strong>I find an individual solution in the said fields<\/strong>.<\/p>\n<p class=\"corporate\">If further support is needed, there will be a network of about 500 experts in law and taxation (lawyers, tax consultants, patent attorneys.<\/p>\n<p class=\"corporate\"><strong>Call your lawyer, we provide our service for you. <a title=\"Nehmen Sie kontakt mit uns auf - Wir beraten Sie auch im Arbeitsrecht kompetent &#038; gerne.\" href=\"kontakt\"><\/a> <\/strong><\/p>\n<p><img loading=\"lazy\" decoding=\"async\" class=\"aligncenter wp-image-377 size-full\" src=\"http:\/\/neu.ra-siegel.de\/wp-content\/uploads\/handshake-2056023_1280.jpg\" alt=\"Jurist Arbeitsrecht M\u00fcnchen\" width=\"1280\" height=\"851\" srcset=\"https:\/\/www.ra-siegel.de\/wp-content\/uploads\/handshake-2056023_1280.jpg 1280w, https:\/\/www.ra-siegel.de\/wp-content\/uploads\/handshake-2056023_1280-768x511.jpg 768w\" sizes=\"auto, (max-width: 1280px) 100vw, 1280px\" \/><\/p>\n<p>&nbsp;<\/p>\n<h2><span style=\"font-size: 14pt;\">Jurist <a href=\"https:\/\/de.wikipedia.org\/wiki\/Arbeitsrecht_%28Deutschland%29\" target=\"_blank\" rel=\"noopener noreferrer nofollow\">Labor Law<\/a> M\u00fcnchen<\/span><\/h2>\n<p>I am specialized in Labor Law (Fachanwalt f\u00fcr Arbeitsrecht): For my clients I am present at court, especially Labor Court of Munich with their affiliates in Freising, Ingolstadt, Weilheim and Miesbach, Augsburg, Kempten, Nuremberg, Stuttgart and Ulm. \nBecause  of my teaching assignment I am direct involved in all new legal developments in labor law.<\/p>\n<h2><span style=\"font-size: 14pt;\">Termination and Working Agreement for employees:<\/span><\/h2>\n<ul>\n<li>I appear in court employees especially in cases of terminations and claims for wages.<\/li>\n<li>I deal for you because of compensation e.g. in cases of termination or workplace bullying etc.<\/li>\n<li>In many cases I can change extraordinary terminations into ordinary termination <strong><\/strong>  <strong><\/strong> .<\/li>\n<li>I negotiate employment contracts especially for executive employees <strong><\/strong><\/li>\n<li>I train employers and works councils in all labor law and HR matters<\/li>\n<li> <strong><\/strong> <\/li>\n<li> <strong><\/strong>.<\/li>\n<li><\/li>\n<\/ul>\n<p> <a href=\"http:\/\/kontakt\" rel=\"nofollow\"><\/a>.<\/p>","protected":false},"excerpt":{"rendered":"<p>Die Kanzlei Siegel wurde 1998 in M\u00fcnchen gegr\u00fcndet. Wir verstehen uns als Ihr pers\u00f6nlicher Ansprechpartner und Dienstleister in Rechts- und Steuerfragen. Mit Ihnen zusammen erarbeiten wir eine individuelle L\u00f6sung Ihrer [&hellip;]<\/p>","protected":false},"author":1,"featured_media":0,"parent":0,"menu_order":0,"comment_status":"closed","ping_status":"closed","template":"","meta":{"footnotes":""},"class_list":["post-272","page","type-page","status-publish","hentry"],"_links":{"self":[{"href":"https:\/\/www.ra-siegel.de\/en\/wp-json\/wp\/v2\/pages\/272","targetHints":{"allow":["GET"]}}],"collection":[{"href":"https:\/\/www.ra-siegel.de\/en\/wp-json\/wp\/v2\/pages"}],"about":[{"href":"https:\/\/www.ra-siegel.de\/en\/wp-json\/wp\/v2\/types\/page"}],"author":[{"embeddable":true,"href":"https:\/\/www.ra-siegel.de\/en\/wp-json\/wp\/v2\/users\/1"}],"replies":[{"embeddable":true,"href":"https:\/\/www.ra-siegel.de\/en\/wp-json\/wp\/v2\/comments?post=272"}],"version-history":[{"count":0,"href":"https:\/\/www.ra-siegel.de\/en\/wp-json\/wp\/v2\/pages\/272\/revisions"}],"wp:attachment":[{"href":"https:\/\/www.ra-siegel.de\/en\/wp-json\/wp\/v2\/media?parent=272"}],"curies":[{"name":"wp","href":"https:\/\/api.w.org\/{rel}","templated":true}]}}

<p class="corporate">The law office of Volker Siegel was founded in 1989 <strong></strong>.</p>
<p class="corporate">I am your personal and direct <strong>Contact Person in law and taxation matters.</strong>Together with you <strong>I find an individual solution in the said fields</strong>.</p>
<p class="corporate">If further support is needed, there will be a network of about 500 experts in law and taxation (lawyers, tax consultants, patent attorneys.</p>
<p class="corporate"><strong>Call your lawyer, we provide our service for you. <a title="Nehmen Sie kontakt mit uns auf - Wir beraten Sie auch im Arbeitsrecht kompetent &#038; gerne." href="kontakt"></a> </strong></p>
<p><img loading="lazy" decoding="async" class="aligncenter wp-image-377 size-full" src="http://neu.ra-siegel.de/wp-content/uploads/handshake-2056023_1280.jpg" alt="Jurist Arbeitsrecht München" width="1280" height="851" srcset="https://www.ra-siegel.de/wp-content/uploads/handshake-2056023_1280.jpg 1280w, https://www.ra-siegel.de/wp-content/uploads/handshake-2056023_1280-768x511.jpg 768w" sizes="auto, (max-width: 1280px) 100vw, 1280px" /></p>
<p>&nbsp;</p>
<h2><span style="font-size: 14pt;">Jurist <a href="https://de.wikipedia.org/wiki/Arbeitsrecht_%28Deutschland%29" target="_blank" rel="noopener noreferrer nofollow">Labor Law</a> München</span></h2>
<p>I am specialized in Labor Law (Fachanwalt für Arbeitsrecht): For my clients I am present at court, especially Labor Court of Munich with their affiliates in Freising, Ingolstadt, Weilheim and Miesbach, Augsburg, Kempten, Nuremberg, Stuttgart and Ulm. 
Because  of my teaching assignment I am direct involved in all new legal developments in labor law.</p>
<h2><span style="font-size: 14pt;">Termination and Working Agreement for employees:</span></h2>
<ul>
<li>I appear in court employees especially in cases of terminations and claims for wages.</li>
<li>I deal for you because of compensation e.g. in cases of termination or workplace bullying etc.</li>
<li>In many cases I can change extraordinary terminations into ordinary termination <strong></strong>  <strong></strong> .</li>
<li>I negotiate employment contracts especially for executive employees <strong></strong></li>
<li>I train employers and works councils in all labor law and HR matters</li>
<li> <strong></strong> </li>
<li> <strong></strong>.</li>
<li></li>
</ul>
<p> <a href="http://kontakt" rel="nofollow"></a>.</p>

<p>Die Kanzlei Siegel wurde 1998 in München gegründet. Wir verstehen uns als Ihr persönlicher Ansprechpartner und Dienstleister in Rechts- und Steuerfragen. Mit Ihnen zusammen erarbeiten wir eine individuelle Lösung Ihrer [&hellip;]</p>
